{"id":354,"date":"2023-06-07T18:45:22","date_gmt":"2023-06-07T17:45:22","guid":{"rendered":"http:\/\/www.zelenkovac.com\/?page_id=354"},"modified":"2023-06-07T18:45:22","modified_gmt":"2023-06-07T17:45:22","slug":"o-nama","status":"publish","type":"page","link":"https:\/\/www.zelenkovac.com\/?page_id=354","title":{"rendered":"O nama"},"content":{"rendered":"\n<p><strong>Prirodne karakteristike;<\/strong><\/p>\n\n\n\n<p>Zelenkovac je planinski predio oko izvora istoimene rje\u010dice , u podno\u017eju planine Lisina (1467\/nv). Nalazi se u jugozapadnom dijelu Bosne I Hercegovine. Op\u0161tinsko sjedi\u0161te je u Mrkonji\u0107 Gradu. Ovo \u017eivopisno I prelijepo izleti\u0161te&nbsp; je od 2003.godine progla\u0161eno za\u0161ti\u0107enim podru\u010djem -Eko Zona Zelenkovac. Preciznija lokacija je jugozapadni dio Podra\u0161ni\u010dkog Polja, oiv\u010denog&nbsp; masivima planina , Lisina, Manja\u010da I Dimitor. Rje\u010dica Zelenkovac,&nbsp; sa ostalim vodenim tokovima ovog polja, ponire&nbsp; u mjestu Podbrdo. Nakon podzemnog toka od oko tredesetak kilometara izvire ka Rijeka Krupa. Zelenkovac je bogat visokom crnogori\u010dnom \u0161umom I na 800 metara nadmorske visine je izuzetna, prozra\u010dna prirodna banja sa izobiljem kiseonika i hlorofila.<\/p>\n\n\n\n<p><strong>Dru\u0161tvene karakteristike;<\/strong><\/p>\n\n\n\n<p>Ekolo\u0161ki Pokret Zelenkovac je osnovan i ima sjedi\u0161te na Zelenkovcu od 1998. Godine. Ova organizacija je kao titular zadu\u017eena za o\u010duvanje i upravljanje Eko Zonom Zelenkovac. Na rje\u010dici Zelenkovac od sela Podra\u0161nica do izovra postojalo je 15 vodenica, te je ovaj predio bio od koristi mje\u0161tanima za mljevenje \u017eita i ispa\u0161u stoke. Otvaranjem slikarskog ateljea I umjetni\u010dke galerije od strane samoukog slikara Borislava Jankovi\u0107a , godine 1988, Zelenkovac zapo\u010dinje nov dru\u0161tveni \u017eivot. Jedan od glavnih osniva\u010da umjetni\u010dke galerije pod nazivom ,,Za\u0161to nije oti\u0161ao Boro !?,, na Zelenkovcu je pjesnikinja Dara Sekuli\u0107. Po njenom pozivu galeriju je sve\u010dano otvorio poznati jugoslovenski knji\u017eevnik Du\u0161ko Trifunovi\u0107. Nakon toga ovdje su redovno organizovani kulturnozabavni sadr\u017eaji; poetske ve\u010deri, likovne kolonije,etno, pop rok koncerti, d\u017eez festivali, kulinarske, gljivarske, planinarske I druge aktivnosti. Na njima su u\u010destvovali poznati umjetnici I posjetioci jugoslovnskih I \u0161irih prostora.<\/p>\n\n\n\n<p><strong>Sadr\u017eaji, aktivnosti, ponuda<\/strong><\/p>\n\n\n\n<p>Kafe galerija u tradicionalnom, risti\u010dnom i etno stilu \/ 30 mjesta u prizemlju i 50 mjesta na spratu\/<\/p>\n\n\n\n<p>Drvene planinske&nbsp; kolibe, bungalovi, apartmani . Ukupan broj le\u017eajeva je 40. Raspored le\u017eajeva , broj osoba i sadr\u017eaj svake od koliba je prikazan na sajtu.<\/p>\n\n\n\n<p>Kuhinja za potrebe gostiju na spavanju.<\/p>\n\n\n\n<p>Ukupno 10 mjesta za ro\u0161tilj i piknik<\/p>\n\n\n\n<p>Pozornica za festivale i druge sadr\u017eaje.<\/p>\n\n\n\n<p>Kamp sa tu\u0161evima i toaletima za 10 vozila I 50 \u0161atorskih mjesta<\/p>\n\n\n\n<p>\u0160tand sa ljekovitim biljem, \u010dajevima I doma\u0107im skovima I d\u017eemovima<\/p>\n\n\n\n<p>Malo jezero sa \u010damcem<\/p>\n\n\n\n<p>\u0160umske staze za \u0161etnju<\/p>\n\n\n\n<p>Vidikovac<\/p>\n\n\n\n<p>Tri parking mjesta za 200 vozila.<\/p>\n\n\n\n<p>Izleti u okolini<\/p>\n\n\n\n<p>Usluge sertifikovanih vodi\u010da&nbsp;<\/p>\n\n\n\n<p><strong>Komunikacije . Kako do nas..?<\/strong><\/p>\n\n\n\n<p>&nbsp;&nbsp;&nbsp; Zelenkovac se nalazi pored magistralnog puta M15 Banja Luka -Split(CRO) na udaljenosti od 14 kilometra od Mrkonji\u0107 Grada 65 kilometra od Banja Luke. Na udaljenosti od 7 kilometara, u mjestu Podbrdo M15 se ukur\u0161ta sa magistralnim putem Biha\u0107 -Sarajevo. Iz Banja Luke do Zelenkovca postoje dvije direktne autobuske linije u 06;00 I u 16.00. U pravcu Zelenkovac Banja Luk autobusi idu u11.00 I&nbsp; 16.00 h. Banjalu\u010dki aerodrom je udaljen oko 80 kilometara od Zelenkovca<\/p>\n\n\n\n<p>Telefoni ; ++ 387 65 672 904 \/mob\/ ; ++387 50 278 649 \/fiksni\/<\/p>\n\n\n\n<p>e.mail; <a href=\"mailto:zelenkovac@gmail.com\">zelenkovac@gmail.com<\/a><\/p>\n\n\n\n<p>fb; Zelenkovac Boro<\/p>\n\n\n\n<p><a href=\"http:\/\/www.zelenkovac.com\">www.zelenkovac.com<\/a><\/p>\n\n\n\n<p><strong>Okolina ;<\/strong><\/p>\n\n\n\n<p>Planina Lisina, Dimitor i Podra\u0161ni\u010dko Polje su idealni za \u0161etnju, branje gljiva, jestivog I ljekovitog bilja. Na udaljenosti od 22 kilometra nalazi se \u017eivopisni kanjon Sane sa \u010detiri egzoti\u010dna izvora. Izvor rijeke Plive&nbsp; i slapovi rijeke Janj-Janjske Otoke nalaze na udaljenosti od 30 kilometara.Na sli\u010dnoj udaljenosti nalaze se izvori rijeke Rbnik, vrlo pogodne za ribolov i flaj fi\u0161ing te stari gradovi Jajce i Klju\u010d sa istorijskim I prirodnim znamenitostima. Za ova mjesta vezan je pad srednjovjekovne Bosne pod Turke. U Jajcu, nedaleko od ogromnog vodopada nalaze se rimske katakombe&nbsp; I vodenice na bistro Plivskom Jezeru. Na rijeci Vrbas u pravcu Banja Luke&nbsp; se nalazi rafting klub koji pored svjetskog I evropskog prvnstva organizuje I slobodne turisti\u010dke rafting vo\u017enje. Na obroncima planine Cincar kod Livna nalaze se mnogobrojna&nbsp; krda divljih konja, \u0161to preporu\u010dujemo posjetiocima Zelenkovca. U bli\u017eoj okolini od oko desetak kilometara \u010desto se organizuju narodni zborovi, va\u0161ari, korid, \u0161traparijade, d\u017eipijade, vo\u017enje kroserima, biciklima I drugi skupovi dostupni I turistima. Turistima I posjetiocima je dostupno prisustvovati lokalnim aktivnostima kao \u0161to su poljski radovi , ubiranje plodova, sjetva ili vrlo atraktivno pe\u010denje rakije.<\/p>\n\n\n\n<p><strong>Cijene usluga<\/strong>;<\/p>\n\n\n\n<p>Cijene pi\u0107a su prosje\u010dne \/ Pivo 2 KM , 3,50 KM , Kraft pivo 5 KM\/Kafa, \u010daj- 1,50KM \/sokovi 2,50KM\/\u017destoka pi\u0107a od 1 do 3 KM\/\u2026.<\/p>\n\n\n\n<p>Cijena smje\u0161taja 30KM po osobi po no\u0107enju. Za strance cijena smje\u0161taja je 20 eur poosobi po no\u0107enju. Za djecu do 10 godina ne napla\u0107ujemo smje\u0161taj.<\/p>\n\n\n\n<p>Cijena ro\u0161tiljskih mjesta je 5 KM po mjestu<\/p>\n\n\n\n<p>Taksa za \u0161ator u kampu je za doma\u0107e posjetioce 10 KM za 3 dana. Cijena takes za strance je 10 eur po \u0161atoru za 1 dan. Taksa za kamp vozila je 12 eur po osobi po jednom no\u0107enju.<\/p>\n\n\n\n<p><strong>Druge zanimljivosti<\/strong><\/p>\n\n\n\n<p>Zelenkovac je pogodan za razne seminare, radionice tim bildinge, studentske , nau\u010dno istra\u017eiva\u010dke radove, meditacije\u2026<\/p>\n","protected":false},"excerpt":{"rendered":"<p>Prirodne karakteristike; Zelenkovac je planinski predio oko izvora istoimene rje\u010dice , u podno\u017eju planine Lisina (1467\/nv). Nalazi se u jugozapadnom dijelu Bosne I Hercegovine. Op\u0161tinsko sjedi\u0161te je u Mrkonji\u0107 Gradu. &hellip; <a href=\"https:\/\/www.zelenkovac.com\/?page_id=354\" class=\"more-link\">Continue reading <span class=\"screen-reader-text\">O nama<\/span> <span class=\"meta-nav\">&rarr;<\/span><\/a><\/p>\n","protected":false},"author":2,"featured_media":0,"parent":0,"menu_order":0,"comment_status":"closed","ping_status":"closed","template":"","meta":[],"_links":{"self":[{"href":"https:\/\/www.zelenkovac.com\/index.php?rest_route=\/wp\/v2\/pages\/354"}],"collection":[{"href":"https:\/\/www.zelenkovac.com\/index.php?rest_route=\/wp\/v2\/pages"}],"about":[{"href":"https:\/\/www.zelenkovac.com\/index.php?rest_route=\/wp\/v2\/types\/page"}],"author":[{"embeddable":true,"href":"https:\/\/www.zelenkovac.com\/index.php?rest_route=\/wp\/v2\/users\/2"}],"replies":[{"embeddable":true,"href":"https:\/\/www.zelenkovac.com\/index.php?rest_route=%2Fwp%2Fv2%2Fcomments&post=354"}],"version-history":[{"count":1,"href":"https:\/\/www.zelenkovac.com\/index.php?rest_route=\/wp\/v2\/pages\/354\/revisions"}],"predecessor-version":[{"id":355,"href":"https:\/\/www.zelenkovac.com\/index.php?rest_route=\/wp\/v2\/pages\/354\/revisions\/355"}],"wp:attachment":[{"href":"https:\/\/www.zelenkovac.com\/index.php?rest_route=%2Fwp%2Fv2%2Fmedia&parent=354"}],"curies":[{"name":"wp","href":"https:\/\/api.w.org\/{rel}","templated":true}]}}