{"id":349,"date":"2023-06-07T18:09:37","date_gmt":"2023-06-07T17:09:37","guid":{"rendered":"http:\/\/www.zelenkovac.com\/?page_id=349"},"modified":"2024-07-18T14:56:50","modified_gmt":"2024-07-18T13:56:50","slug":"jazz-festival-2023","status":"publish","type":"page","link":"https:\/\/www.zelenkovac.com\/?page_id=349","title":{"rendered":"JAZZ FESTIVAL 2023"},"content":{"rendered":"\n<figure class=\"wp-block-image size-large\"><img decoding=\"async\" loading=\"lazy\" width=\"724\" height=\"1024\" src=\"http:\/\/www.zelenkovac.com\/wp-content\/uploads\/2023\/06\/Zelenkovac-23-v3-1-724x1024.png\" alt=\"\" class=\"wp-image-350\" srcset=\"https:\/\/www.zelenkovac.com\/wp-content\/uploads\/2023\/06\/Zelenkovac-23-v3-1-724x1024.png 724w, https:\/\/www.zelenkovac.com\/wp-content\/uploads\/2023\/06\/Zelenkovac-23-v3-1-300x424.png 300w, https:\/\/www.zelenkovac.com\/wp-content\/uploads\/2023\/06\/Zelenkovac-23-v3-1-212x300.png 212w, https:\/\/www.zelenkovac.com\/wp-content\/uploads\/2023\/06\/Zelenkovac-23-v3-1-768x1086.png 768w, https:\/\/www.zelenkovac.com\/wp-content\/uploads\/2023\/06\/Zelenkovac-23-v3-1-543x768.png 543w, https:\/\/www.zelenkovac.com\/wp-content\/uploads\/2023\/06\/Zelenkovac-23-v3-1-1086x1536.png 1086w, https:\/\/www.zelenkovac.com\/wp-content\/uploads\/2023\/06\/Zelenkovac-23-v3-1.png 1169w\" sizes=\"(max-width: 724px) 100vw, 724px\" \/><\/figure>\n\n\n\n<p><strong>Zelenkovac 2023 &#8211; Program festivala:<\/strong><\/p>\n\n\n\n<p><\/p>\n\n\n\n<p><strong>\u010cetvrtak 10.8.2023<\/strong><\/p>\n\n\n\n<p><strong>SIRI AIRI (Beograd, Norve\u0161ka)<\/strong><\/p>\n\n\n\n<p>Siri Airi je beogradski bend nastao u saradnji izme\u0111u norve\u0161ke autorke i doma\u0107eg benda u 2018. Ceo opus je autorski i \u017eanrovski pod uticajem reggea, jazz, rock and rolla i pop muzike. Autorski, izvedba je na srpskom jeziku uz par izuzetaka gde su pesme na norve\u0161kom.<br><a rel=\"noreferrer noopener\" href=\"https:\/\/www.youtube.com\/watch?v=nTfwITOLx_g&amp;fbclid=IwAR1k4HcShl4_G4GF4iFDl9TMfrpxJNkb_uTeJqdHhE_VbQzXan4T9Ea0jQs\" target=\"_blank\">https:\/\/www.youtube.com\/watch?v=nTfwITOLx_g<\/a><br><a rel=\"noreferrer noopener\" href=\"https:\/\/headliner.rs\/2022\/06\/20\/kad-norvezanka-skonta-srpski-grupa-siri-airi-objavila-video-singl-kontado\/?fbclid=IwAR2fZIUgxeWtcCPNe6ZR7rv3FrWLwOMjwUjSU10nBydVfj9U9uIPVx6_1vw\" target=\"_blank\">https:\/\/headliner.rs\/&#8230;\/kad-norvezanka-skonta-srpski&#8230;\/<\/a><\/p>\n\n\n\n<p><\/p>\n\n\n\n<p><strong>TODORRICA (Subotica)<\/strong><\/p>\n\n\n\n<p>Todorrica je kvartet iz Subotice koji predvodi Vladimir Todorovi\u0107, znan po radu sa bendom Paniks. Njegova sada\u0161nja Todoricca je neka vrsta naslednika pre\u0111a\u0161njih formacija \u2013 tako\u0111e okuplja lokalne umentike, ali u isto vreme je i svojevrstan aran\u017eerski iskorak Vladimira Todorovi\u0107a, ka novim muzi\u010dkim horizontima. Muzika koju sviraju zasnovana je na motivima srpskog i balkanskog muzi\u010dkog nasle\u0111a sa neizbje\u017enim flamenkom. Tri gitare i kahon. <a rel=\"noreferrer noopener\" href=\"https:\/\/l.facebook.com\/l.php?u=https%3A%2F%2Fwww.youtube.com%2Fwatch%3Fv%3DKNRzr0zjrhs%26fbclid%3DIwAR1MG9EB9H-E-LTKZ7UtpAkTCKDXKzLIB-E46hnxvtTApyT2H1HMucW7aTI&amp;h=AT19tGTSrZSHoCGKwG66TE5F65st-acdMy5mAQVl4cn0uQsLZNYd7JwWAQ6P-y6rF_jnEJNw626zK_bPCS_y9oy9OOl2vSQR2IIP9Yk0SITxcBj7WUhjgq48IpX9f47cKMzxanI&amp;__tn__=q&amp;c[0]=AT1HGt69Z-DkqYy2JyuaTYjNnPlx7NFMbRFBR0LrJARrzXOtcshG8slzwS5fE7jlD2BHu8f1MPe2WXr-HGvCksf9cCgDL3Tpm7pv02F03kS1Wc2eZlwX4bvLelcs8-nKu0MpBhov4p-EIH3ojeJSR7UtSi3n\" target=\"_blank\">https:\/\/www.youtube.com\/watch?v=KNRzr0zjrhs<\/a><\/p>\n\n\n\n<p><strong>Sunday Stories (Sarajevo)<\/strong><\/p>\n\n\n\n<p>U svom dosada\u0161njem djelovanju Sunday Stories prate uspje\u0161ni nastupi \u0161irom Balkana od kojih je bitno ista\u0107i samostalni koncert na Ni\u0161ville Jazz Festivalu, koncert na Ba\u0161\u0107ar\u0161ijskim no\u0107ima, kao i solo koncerte u Ljubljani, Mariboru, Tirani, Ohridu, Skoplju, Beogradu, Podgorici i Zagrebu, Zelenkovcu. <a rel=\"noreferrer noopener\" href=\"https:\/\/www.youtube.com\/watch?v=XgJeC-yq2TY&amp;fbclid=IwAR0Mz3K83DQso6XrCji5bAC9sbBBGqXmTlyxf9hzKFhiB-AtK_OoJvc1xgk\" target=\"_blank\">https:\/\/www.youtube.com\/watch?v=XgJeC-yq2TY<\/a><\/p>\n\n\n\n<p><strong>PETAK 11.8.2023<\/strong><\/p>\n\n\n\n<p><strong>Dunja Knebl &amp; Zoran Majstorovi\u0107 (Rijeka, Zagreb)<\/strong><\/p>\n\n\n\n<p><br>Dunja Knebl po\u010dela je javno nastupati 1993. s repertoarom malo poznatih hrvatskih narodnih pjesama. Pjesme obra\u0111uje na temelju notnih i tekstualnih zapisa koje pronalazi u knjigama \u2013 zbirkama. Dosad je snimila ukupno 21 album od kojih su 16 objavljeni kao kompaktne plo\u010de\/kasete, 5 albuma objavila je u vlastitom online izdanju na adresi:&nbsp;<a rel=\"noreferrer noopener\" href=\"https:\/\/l.facebook.com\/l.php?u=https%3A%2F%2Fdunjaknebl.bandcamp.com%2F%3Ffbclid%3DIwAR2ckISd0pmI4B91ixcJ4MQlnbSEUMY_hsYOF80xfWtC9gDwzEQtx5_ejF4&amp;h=AT2gsxTzfk43KJZj1eWTDPz7PjicjhojEpyyAWxn_qZpP7_hVE4k0CKDt2QkJnZneeTx0_nT1NAdUM6Ie4TyTRqXymInR55dPuzY31WHr0R1wh9fStNAqJw5UO9KGBPTKaRSrwo&amp;__tn__=q&amp;c[0]=AT1HGt69Z-DkqYy2JyuaTYjNnPlx7NFMbRFBR0LrJARrzXOtcshG8slzwS5fE7jlD2BHu8f1MPe2WXr-HGvCksf9cCgDL3Tpm7pv02F03kS1Wc2eZlwX4bvLelcs8-nKu0MpBhov4p-EIH3ojeJSR7UtSi3n\" target=\"_blank\">https:\/\/dunjaknebl.bandcamp.com\/<\/a>, te vi\u0161e pjesama na raznim. Ro\u0111ena je u Zagrebu gdje je zavr\u0161ila gimnaziju i diplomirala 1969. na Filozofskom fakultetu (engleski i ruski jezik) a radila je ve\u0107i dio \u017eivota, do svoje 47. godine, kao prevoditeljica i profesorica jezika. \u017divjela je vi\u0161e godina u SAD-u, Rusiji i Indoneziji, pa se na njenom repertoaru mogu na\u0107i pjesme i iz tih zemalja. Londonsko izdanje WORLD MUSIC The Rough Guide (VOLUME I) iz 1999. preporu\u010duje upravo Dunjin album \u00bbIz globline srca\u00ab za upoznavanje s etno-glazbom Hrvatske. Album \u201cTamo doli\u201d odli\u010dno je ocijenjen od strane doma\u0107ih kriti\u010dara, a dobio je i pohvalne ocjene u engleskim \u010dasopisima \u201cfRoots\u201d i \u201cSonglines\u201d, te je 2 mjeseca bio na top listi World Music Charts Europe. Najve\u0107i uspjeh postigla je u skorije vrijeme albumom \u201cSvilarica svilu prede\u201d koji je snimila s Rokom Margetom.<br>Album je uvr\u0161ten na jednu od najpresti\u017enijih world music top lista na svijetu \u2013 Transglobal World Music Chart \u2013 (januar 2020) prema izboru 55 glazbenih urednika i novinara iz 29 zemalja.Zoran Majstorovi\u0107 je jazz muzi\u010dar, gitarist, multiinstrumentalist, aran\u017eer i kompozitor, gitaru je po\u010deo svirati sa 9 godina uz pomo\u0107 oca Slavka, koji je \u0161ezdesetih i sedamdesetih godina pro\u0161log stolje\u0107a bio aktivan na rije\u010dkoj rock sceni, prvenstveno u grupi \u201ePauci\u00ab. Sa 12 godina svirao je u svojim prvim demo-bendovima, a sa 14 je postao \u010dlan pop-rok grupe \u201eTeens\u201d, sa kojom je odsvirao stotine koncerata u nekoliko zemalja, osvojio brojne nagrade na hrvatskim i stranim festivalima, me\u0111u kojima je i &#8220;Porin&#8221; 2000. godine, izdala je tri nosa\u010da zvuka, od kojih dva u srebrotisku. Nastupao je sa grupom &#8220;Teens&#8221; do 2002. godine.U periodu od 2002. godine do danas sudjeluje u raznim muzi\u010dkim projektima, svira u raznim orkestrima, te sura\u0111uje i nastupa sa brojnim pjeva\u010dkim imenima hrvatske i strane muzi\u010dke scene. Do sada je osim mnogih hrvatskih jazz i etno glazbenika imao priliku da snima ili nastupa pred mnogim svjetski poznatim jazz muzi\u010darima kao \u0161to su: Joe Locke, Reginald Veal, Bruce Ditmas, Corey Christiansen, Pat O&#8217;Leary, John Stowell, Russ Spiegel, James Weinstein, James Thompson, Kenn Bailey, Phil Keaggy, Mihaly Dresch, Asaf Sirkis, Yaron Stavi, Oleg Kireyev, Carlos Werneck, Takatsuna Mukai, Yoshio Machida, U.T.Gandhi, Francesco Bearzatti, Danilo Gallo, David Boato, Giorgio Pacorig, Tommaso De Cappellato, Al Dario Carpellato, Al Dafon Ricardo Chiarion, Andre Araujo, Wilmer Sifontes, Alvise Seggi, Luca Colussi, Simone Serafini, Jacob Melchior, Joe Kaplowitz, Antal Brasnyo, Rosa Brunello, Eldar Saparayev, Marcello Benetti, Alessandro Turchet, V Michele Boo Stefanio Davanco, V. vski, Vasil Had\u017eimanov, Aleksandar Ipavec, Naat Veliov, Vasko Atanasovski, Stefano Di Grigoli, Mirko Cisilino, Igor Checchini, Moulaye Niang, Bodhisattwa Ghosh, Biji Bhattacharya, Premjit Dutta, Thomas Bauser, Daniel Schay, Martin Moro&#8230;i mnogi internacionalci vokali kao \u0161to su Saba Anglana, Gabrielle Stravelli, Nancy Vieira, Tamara Obrovac, Milk and Coffee, Jennifer C. Fernandez, Denise Dantas, Gino Santercole, Byron Motley, Lino Rocha, Ty Le Blanc, Pastora Soler, David Elliot, Marcina Arnold, Simon Marlow , Teti Cortese, Heloisa Lourenco, Francesca Viaro, Arsen Dedi\u0107 Rade \u0160erbed\u017eija, Gabi Novak, Tereza Kesovija, Tinkara Kova\u010d, Aleksandra Kova\u010d, Nika Solce, Lela Kaplowitz&#8230;<a rel=\"noreferrer noopener\" href=\"https:\/\/l.facebook.com\/l.php?u=https%3A%2F%2Fwww.youtube.com%2Fwatch%3Fv%3Dc4yeqG6OEQw%26fbclid%3DIwAR1TdYeWsAE3qkAJDjatBThkWysa1bbjhWBDG9-IzqhqXnqMvnJovWU6uDs&amp;h=AT2oyvDg8Ao-pf8QItAV50JB3qyYeIq9snT_7t2EDNifVbmqp61pKpsmRIwAlHa2y-KLB2xDzw_Uj5lJ0JDX75AgQeO6dl9i3FGobe_Ujf0jCB7hv39sUxremg8H7bSNJyYDLu8&amp;__tn__=q&amp;c[0]=AT1HGt69Z-DkqYy2JyuaTYjNnPlx7NFMbRFBR0LrJARrzXOtcshG8slzwS5fE7jlD2BHu8f1MPe2WXr-HGvCksf9cCgDL3Tpm7pv02F03kS1Wc2eZlwX4bvLelcs8-nKu0MpBhov4p-EIH3ojeJSR7UtSi3n\" target=\"_blank\">https:\/\/www.youtube.com\/watch?v=c4yeqG6OEQw<\/a><br><a rel=\"noreferrer noopener\" href=\"https:\/\/l.facebook.com\/l.php?u=https%3A%2F%2Fworldmusic.org.rs%2F2022%2F09%2F09%2Fdunja-knebl-je-dobitnica-nagrade-draskoci-za-2022-godinu%3Ffbclid%3DIwAR0ovW2ImErEJYiMiMptKo7rnjAgtpZEmUNYQ4HnOCxzixPcV6MAuRUkpJ0&amp;h=AT0BRDSLygrqxrtK-Ctv51lroU20Ir9q52PpPGnxCcnIAXrdzM_PpP2PXOm3j0c3T_uM0D8Zq-r8cTqmekKP1aD8Car6itqJy2qvBLt1E1Dl4AXaqZzcZDfl7KZ-C4nxlQA6Zsk&amp;__tn__=q&amp;c[0]=AT1HGt69Z-DkqYy2JyuaTYjNnPlx7NFMbRFBR0LrJARrzXOtcshG8slzwS5fE7jlD2BHu8f1MPe2WXr-HGvCksf9cCgDL3Tpm7pv02F03kS1Wc2eZlwX4bvLelcs8-nKu0MpBhov4p-EIH3ojeJSR7UtSi3n\" target=\"_blank\">https:\/\/worldmusic.org.rs\/&#8230;\/dunja-knebl-je-dobitnica&#8230;<\/a><br><a rel=\"noreferrer noopener\" href=\"https:\/\/l.facebook.com\/l.php?u=https%3A%2F%2Fdunjaknebl.com%2Fw2%2F%3Ffbclid%3DIwAR2ckISd0pmI4B91ixcJ4MQlnbSEUMY_hsYOF80xfWtC9gDwzEQtx5_ejF4&amp;h=AT1u-VyasztXdBGZ63Ua333-fflRQjAvKbAW0XBf4BBAw4IYganqo0Qp58WTG0eE5rvIQfEkUDDL46wLX0EERrcqzaqxuU8RE2yDIK0UoMStIkp4L3zRc46ZDFF7v8wM-VZnBXo&amp;__tn__=q&amp;c[0]=AT1HGt69Z-DkqYy2JyuaTYjNnPlx7NFMbRFBR0LrJARrzXOtcshG8slzwS5fE7jlD2BHu8f1MPe2WXr-HGvCksf9cCgDL3Tpm7pv02F03kS1Wc2eZlwX4bvLelcs8-nKu0MpBhov4p-EIH3ojeJSR7UtSi3n\" target=\"_blank\">https:\/\/dunjaknebl.com\/w2\/<\/a><br><a rel=\"noreferrer noopener\" href=\"https:\/\/l.facebook.com\/l.php?u=https%3A%2F%2Fwww.zoranmajstorovic.com%2F%3Ffbclid%3DIwAR1G1pN3SQi_X_QuZ3zZqm-eZcrDJ0yelGxDRzvZrpKqz0-wlf7htWEHWsM&amp;h=AT30U2CL_Ij3bHTdMlj8UjHUggVh2mH7vX2P283mxU2LxpaOaYy317Kvf7aL63srjMPFAcExQqlwnvHhibxUzRXi8PNpQ-a_R5IXw4ay5-VTK-cCCXCQ9FXhVayCKIscoo7ayHs&amp;__tn__=q&amp;c[0]=AT1HGt69Z-DkqYy2JyuaTYjNnPlx7NFMbRFBR0LrJARrzXOtcshG8slzwS5fE7jlD2BHu8f1MPe2WXr-HGvCksf9cCgDL3Tpm7pv02F03kS1Wc2eZlwX4bvLelcs8-nKu0MpBhov4p-EIH3ojeJSR7UtSi3n\" target=\"_blank\">https:\/\/www.zoranmajstorovic.com\/<\/a><br><\/p>\n\n\n\n<p><strong>Tome Iliev &amp; Seraphim Von Werra (Makedonija, \u0160vicarska)<\/strong><\/p>\n\n\n\n<p>Tome Iliev je makedonski klarinetista (ro\u0111en u Kavadarcima) koji \u017eivi i radi u \u0160vicarskoj. Predvodi svoj sekstet sa kojim je ve\u0107 objavio nekoliko albuma a na albumu \u00bbLaret\u00ab udru\u017eio je snage sa \u0161vicarskim harmonika\u0161em Serafimom Von Werrom (poznat po radu sa srpskim romskim sastavom KAL) te su napravili sjajan ethno jazz album koji \u0107e u\u017eivo promovisati na Zelenkovcu u formatu trija, sa bubnjarem Adrijanom Bocklijem.<a rel=\"noreferrer noopener\" href=\"https:\/\/l.facebook.com\/l.php?u=https%3A%2F%2Ftomeilievseraphimvonwerra.bandcamp.com%2Falbum%2Flaret%3Ffbclid%3DIwAR1sHU-akeZPVh4ZbtqBxWVKc000kpbusO8GVqFA7sRUaU0WCGwqQoOESCo&amp;h=AT0vk4Jx0xga-3jA9M9JE-2D8uOXDvxfkY4iiXWWEC2GG1V3Ssk8DSIp98a4SYqPNVf8Fpt9DeOUED309osg_pzMKfTnc131_7gSTUgR39lPQd_MEeOnzdijX5Qrn5zl6-7s8pU&amp;__tn__=q&amp;c[0]=AT1HGt69Z-DkqYy2JyuaTYjNnPlx7NFMbRFBR0LrJARrzXOtcshG8slzwS5fE7jlD2BHu8f1MPe2WXr-HGvCksf9cCgDL3Tpm7pv02F03kS1Wc2eZlwX4bvLelcs8-nKu0MpBhov4p-EIH3ojeJSR7UtSi3n\" target=\"_blank\">https:\/\/tomeilievseraphimvonwerra.bandcamp.com\/album\/laret<\/a><br><a rel=\"noreferrer noopener\" href=\"https:\/\/l.facebook.com\/l.php?u=https%3A%2F%2Ftomeiliev.com%2F%3Ffbclid%3DIwAR1YibLjS065wMBgm5yLP__lc7lFLKnZaQFtweV5ofUcn6sTz-lIVMQfAXc&amp;h=AT0Y1Ijs1ECK5hdNfWX3g7BG6rbiKGEbcKL7vArurj2BPZ6ODuKMQT_YopdN8E-SlmRVhtoPVclCXdeIgFkd3cA8h5TeEXvkxNp_Wjn0XkzS_TI76UO0QN9rrQwGq4FNwO_zefU&amp;__tn__=q&amp;c[0]=AT1HGt69Z-DkqYy2JyuaTYjNnPlx7NFMbRFBR0LrJARrzXOtcshG8slzwS5fE7jlD2BHu8f1MPe2WXr-HGvCksf9cCgDL3Tpm7pv02F03kS1Wc2eZlwX4bvLelcs8-nKu0MpBhov4p-EIH3ojeJSR7UtSi3n\" target=\"_blank\">https:\/\/tomeiliev.com<\/a><\/p>\n\n\n\n<p><strong>Per Mathisen Trio (Norve\u0161ka, BiH)<\/strong><\/p>\n\n\n\n<p>Per Mathisen, poznat i kao Bass Viking je norve\u0161ki basista, kompozitor, producent, aran\u017eer i vo\u0111a nekoliko bendova. Zovu ga norve\u0161kim odgovorom na Jaco Pastoriusa na elektri\u010dnem basu. Njegov virtuozitet na elektri\u010dnoj bas gitari na kontrabasu, ali i duboka povezanost sa muzi\u010darima sa kojima svira, je u najmanju ruku zapanjuju\u0107a. Danas je jedan od najtra\u017eenijih basista u Evropi. Svirao je u 40 zemalja sa nekim od najzna\u010dajnijih imena savremene muzi\u010dke jazz, rock ali i klasi\u010dne scene (Alex Acu\u00f1a, Keith Carlock, Gary Husband, Yoyo Mayer, Gary Novak, Antonio Sanchez, Marilyn Mazur, Gergo Borlai, Ulf Wakenius, Mike Stern, Nguyen Le, David Kikoski, Jacob Collier, Jason Rebello, Bill Evans, Benjamin Schmid, Daniel Ottensamer, Maria Schneider, itd.) Objavio je 15 autorskih albuma kao frontmen i kompozitor, a pojavio se kao sideman u drugim bendovima ili producent na gotovo stotinu drugih.<a rel=\"noreferrer noopener\" href=\"https:\/\/l.facebook.com\/l.php?u=https%3A%2F%2Fwww.youtube.com%2Fwatch%3Fv%3DQAfqDpDSUGw%26fbclid%3DIwAR3LapdLcA_x1A8v1iAXB4VEMvZrHVySy83d2n97M4nnLSt2qxQdli7298I&amp;h=AT1VhMyY9B3bPxA3JAFLEhb1MsNfY-dIp_5W5Kv6IidMaryXYEsxRLTt9XZ1lCwzYtPU0nc4EW6RgOAx1WGyMYO3LpnJ2Hj1n5HWBvaKkw-Zpp6TXgBmplVrc2KRqd-HPzwPcFs&amp;__tn__=q&amp;c[0]=AT1HGt69Z-DkqYy2JyuaTYjNnPlx7NFMbRFBR0LrJARrzXOtcshG8slzwS5fE7jlD2BHu8f1MPe2WXr-HGvCksf9cCgDL3Tpm7pv02F03kS1Wc2eZlwX4bvLelcs8-nKu0MpBhov4p-EIH3ojeJSR7UtSi3n\" target=\"_blank\">https:\/\/www.youtube.com\/watch?v=QAfqDpDSUGw<\/a><br><a rel=\"noreferrer noopener\" href=\"https:\/\/l.facebook.com\/l.php?u=https%3A%2F%2Fpermathisen.com%2F%3Ffbclid%3DIwAR07hRc0hFMQnvxk5QRRZ8ynrzv6-w08cW70XfCDkORfEAG04xMEoBXf_mE&amp;h=AT2iNYlyXfUf8h6eHyG7yvx9ZvRYt2HhsQiku7c1EZN7lLe8qNJR15nwUY0FtEBljpBPWQCRcIjSe7B6vgnAX4XoLP-cCgT58BpAN75U64tpXQRhFJjf5JQkehe4Y4BnVGMmY_A&amp;__tn__=q&amp;c[0]=AT1HGt69Z-DkqYy2JyuaTYjNnPlx7NFMbRFBR0LrJARrzXOtcshG8slzwS5fE7jlD2BHu8f1MPe2WXr-HGvCksf9cCgDL3Tpm7pv02F03kS1Wc2eZlwX4bvLelcs8-nKu0MpBhov4p-EIH3ojeJSR7UtSi3n\" target=\"_blank\">https:\/\/permathisen.com<\/a><\/p>\n\n\n\n<p><strong>SUBOTA 12.8.2023<\/strong><\/p>\n\n\n\n<p><strong>ORKESTRADA (Slovenija)<\/strong><\/p>\n\n\n\n<p>Bend Orkestrada nastao je 2010. godine na inicijativu pjesnikinje i svestrane kreatorke Rade Kikelj Dra\u0161ler, koja je pravi oslonac za svoje poetske tekstove na\u0161la u iskusnim muzi\u010darima poznatim iz drugih bendova. Godinu dana nakon nastanka izlazi Spusti (ZAR\u0160), a dvije godine nakon toga bend je osvojio 1. nagradu na Slovena\u010dkom festivalu \u0161ansone. Pjesme Rade Kikelj Dra\u0161ler (objavljene i 2015. u njenom pjesni\u010dkom prvencu Ko\u0161\u010dek sanj) doti\u010du se kako ljubavno-ispovjednih, tako i melanholi\u010dno-\u010de\u017enih i dru\u0161tveno-kriti\u010dkih tema. Orkestrada je dosad objavila tri albuma, odjvene u luksuzno aran\u017eiranu muziku, koja suvereno pozajmljuje od raznih \u017eanrova, od bluza i \u0161ansone do d\u017eeza i psihodelije.<a rel=\"noreferrer noopener\" href=\"https:\/\/l.facebook.com\/l.php?u=https%3A%2F%2Fwww.youtube.com%2Fwatch%3Fv%3DuelYWtDjsNQ%26fbclid%3DIwAR3kr9MqcwkShbBTDNJGqnvG3kwSKxBmZvw2aPpQkGJdscf0wMhn9EW2TQw&amp;h=AT2YXhOudnzYXNgBFRfxIj7ujXxNCA3I1rtqDBPP30bRCEnlSKJQnRYZfUNcscs6dzqF1cTvZOz-d3u2BQMLvM-yacTsubBRDdN7KG0Oa00dPPi3UrSFpKsnXzt49-zXmzwhLtI&amp;__tn__=q&amp;c[0]=AT1HGt69Z-DkqYy2JyuaTYjNnPlx7NFMbRFBR0LrJARrzXOtcshG8slzwS5fE7jlD2BHu8f1MPe2WXr-HGvCksf9cCgDL3Tpm7pv02F03kS1Wc2eZlwX4bvLelcs8-nKu0MpBhov4p-EIH3ojeJSR7UtSi3n\" target=\"_blank\">https:\/\/www.youtube.com\/watch?v=uelYWtDjsNQ<\/a><br><a rel=\"noreferrer noopener\" href=\"https:\/\/l.facebook.com\/l.php?u=https%3A%2F%2Forkestrada.wordpress.com%2F%3Ffbclid%3DIwAR3TWZGa8HexQ11jh2y13bJjJzUL9ZLmwJIJHejOXQ4ClfKCczroWKDCOcM&amp;h=AT3J4n5qNkXWpLZNRz55np8aHMzcA5jjzqwFHX9JxxeCKJks6OaWHFtC3dTbp8AbLVQqqc3dU6JIAFpX-7Va1etfIn-wilN66kxja8wMd6v79us0kTYL5fY55KugF8qfxA36jio&amp;__tn__=q&amp;c[0]=AT1HGt69Z-DkqYy2JyuaTYjNnPlx7NFMbRFBR0LrJARrzXOtcshG8slzwS5fE7jlD2BHu8f1MPe2WXr-HGvCksf9cCgDL3Tpm7pv02F03kS1Wc2eZlwX4bvLelcs8-nKu0MpBhov4p-EIH3ojeJSR7UtSi3n\" target=\"_blank\">https:\/\/orkestrada.wordpress.com<\/a><\/p>\n\n\n\n<p><strong>Portron Portron Lopez (Francuska)<\/strong><\/p>\n\n\n\n<p>Portron Portron Lopez su trio iz Francuske. Njihova muzika je \u017eiva materija, adrenalinski fiks psihodeli\u010dnog rokenrola, afro-karipske ritmi\u010dnosti, orijentalnog transa i zarazne energije. Imaju zaraznu energiju, na svaki koncert ulaze kao da sutra ne postoji. &#8220;Ice Scream Soufi&#8221; naziv je njihovog \u010detvrtog albuma, koji je objavljen u maju 2022 i dostupan je na vinilu i CD-u. Koncert u pravo vrijeme: slobodan, vrtoglav, naelektrisan, radostan. Zovu to trampolinski rokenrol. Izmi\u0161ljeno za skakanje.<a rel=\"noreferrer noopener\" href=\"https:\/\/www.youtube.com\/watch?v=XLnR7CfA1Pk&amp;fbclid=IwAR07hRc0hFMQnvxk5QRRZ8ynrzv6-w08cW70XfCDkORfEAG04xMEoBXf_mE\" target=\"_blank\">https:\/\/www.youtube.com\/watch?v=XLnR7CfA1Pk<\/a><br><a rel=\"noreferrer noopener\" href=\"https:\/\/l.facebook.com\/l.php?u=https%3A%2F%2Fportronportronlopez.bandcamp.com%2Falbum%2Fmoi-aussi-jai-des-amis-qui-font-du-bruit%3Ffbclid%3DIwAR3PW16C_RaZlwcCjMnBOsxemC-0uOf6bEw8eO8v0-40rKKVNf4yVQ4pLM0&amp;h=AT3DujCUthE6rwpsy63y6yZrdLRLd6uEvT5y6vXyEDCp-2-UgVRw8uuruTIjdH1dLUB3eTTACC1l3vRjCtGtkjaG7wI8UwYH9QhsN5CDmgJQVjoeW2EBlo01jhTmTvdoZwCjEs8&amp;__tn__=q&amp;c[0]=AT1HGt69Z-DkqYy2JyuaTYjNnPlx7NFMbRFBR0LrJARrzXOtcshG8slzwS5fE7jlD2BHu8f1MPe2WXr-HGvCksf9cCgDL3Tpm7pv02F03kS1Wc2eZlwX4bvLelcs8-nKu0MpBhov4p-EIH3ojeJSR7UtSi3n\" target=\"_blank\">https:\/\/portronportronlopez.bandcamp.com\/&#8230;\/moi-aussi&#8230;<\/a><br><\/p>\n\n\n\n<p><strong>Robostrop &amp; The CEO (Zagreb)<\/strong><\/p>\n\n\n\n<p>Instrumentalni world groove fusion bend iz Zagreba, Hrvatska. Aktivan od 2018. godine i sa dva objavljena albuma, \u010detvorka propovijeda muzi\u010dki spas za sve izgubljene du\u0161e spremne da prihvate mo\u0107 Groovea. U potrazi za grooveom, Robostrop je spojio orijentalne melodije, western funk principe i balkanski razulareni prazni\u010dni stav u iskri\u010davi koktel dobrog provoda. Neka je Groove sa vama!<a rel=\"noreferrer noopener\" href=\"https:\/\/www.youtube.com\/watch?v=On-gOu4YjLk&amp;fbclid=IwAR1MG9EB9H-E-LTKZ7UtpAkTCKDXKzLIB-E46hnxvtTApyT2H1HMucW7aTI\" target=\"_blank\">https:\/\/www.youtube.com\/watch?v=On-gOu4YjLk<\/a><br><a rel=\"noreferrer noopener\" href=\"https:\/\/robostropandtheceo.bandcamp.com\/album\/samo-duboko-4?fbclid=IwAR0iqtM1SvLmPaKe_Y3vtkC5M0X5L5CuitZ8ai58UQFAD0ED1Lw1KFRODjg\" target=\"_blank\">https:\/\/robostropandtheceo.bandcamp.com\/album\/samo-duboko-4<\/a><\/p>\n","protected":false},"excerpt":{"rendered":"<p>Zelenkovac 2023 &#8211; Program festivala: \u010cetvrtak 10.8.2023 SIRI AIRI (Beograd, Norve\u0161ka) Siri Airi je beogradski bend nastao u saradnji izme\u0111u norve\u0161ke autorke i doma\u0107eg benda u 2018. Ceo opus je &hellip; <a href=\"https:\/\/www.zelenkovac.com\/?page_id=349\" class=\"more-link\">Continue reading <span class=\"screen-reader-text\">JAZZ FESTIVAL 2023<\/span> <span class=\"meta-nav\">&rarr;<\/span><\/a><\/p>\n","protected":false},"author":2,"featured_media":0,"parent":0,"menu_order":0,"comment_status":"closed","ping_status":"closed","template":"","meta":[],"_links":{"self":[{"href":"https:\/\/www.zelenkovac.com\/index.php?rest_route=\/wp\/v2\/pages\/349"}],"collection":[{"href":"https:\/\/www.zelenkovac.com\/index.php?rest_route=\/wp\/v2\/pages"}],"about":[{"href":"https:\/\/www.zelenkovac.com\/index.php?rest_route=\/wp\/v2\/types\/page"}],"author":[{"embeddable":true,"href":"https:\/\/www.zelenkovac.com\/index.php?rest_route=\/wp\/v2\/users\/2"}],"replies":[{"embeddable":true,"href":"https:\/\/www.zelenkovac.com\/index.php?rest_route=%2Fwp%2Fv2%2Fcomments&post=349"}],"version-history":[{"count":3,"href":"https:\/\/www.zelenkovac.com\/index.php?rest_route=\/wp\/v2\/pages\/349\/revisions"}],"predecessor-version":[{"id":371,"href":"https:\/\/www.zelenkovac.com\/index.php?rest_route=\/wp\/v2\/pages\/349\/revisions\/371"}],"wp:attachment":[{"href":"https:\/\/www.zelenkovac.com\/index.php?rest_route=%2Fwp%2Fv2%2Fmedia&parent=349"}],"curies":[{"name":"wp","href":"https:\/\/api.w.org\/{rel}","templated":true}]}}